t common factor of 44 and i.
11
Suppose -3*x = -8*x - 10, -f - x = -6. Suppose f*s = -4*s + 468. Let u be 1*234*(-2)/(-3). What is the highest common factor of s and u?
39
Suppose 5*a = -l - 72 + 13, -3*l - 2*a = 190. Let y = l + 79. What is the greatest common divisor of y and 120?
15
Suppose 3 + 102 = 3*u. Let t = -602241 + 602256. What is the highest common factor of u and t?
5
Let f = -5668 + 7076. Calculate the greatest common divisor of 374 and f.
22
Let z = 8813 - 5260. What is the greatest common divisor of 1045 and z?
209
Let v(h) be the second derivative of -1/12*h**4 + 0 + 5/2*h**2 - h**3 - 7*h. Let l be v(-6). What is the highest common divisor of 5 and l?
5
Let x = -126 + 189. Suppose -18 + 18 = 4*d. Let p be 18/4*(d + -2 - -4). Calculate the greatest common factor of x and p.
9
Suppose -8*w + 10358 = 5606. Calculate the greatest common divisor of 108 and w.
54
Let t be (48 - 15) + -7 - 1. Calculate the highest common factor of t and 1425.
25
Suppose 5*k - u = 3*k + 915, -5*u = 25. Let j = 19332 - 19267. What is the greatest common factor of k and j?
65
Let g be -3 - -5 - (-20 - 3). Let d(p) = 2*p**3 - 6*p**2 + 36*p + 2. Let z be d(6). Let a = z + -309. Calculate the highest common factor of a and g.
25
Suppose 0 = -m + 4*n - 850, 4*n = 5*m + n + 4335. Let v be m/(-7)*63*32/432. Calculate the highest common factor of v and 20.
20
Suppose -1573 = -4*p - 3*o, 4*p - 2*p - 767 = 5*o. Calculate the highest common divisor of 414 and p.
23
Let y be (-17)/6*(-65 - -67)*(-367 + 1). What is the greatest common factor of 918 and y?
34
Let q be -4 + 141/6 + 2310/(-220). Suppose 0*b = -4*b + 576. Calculate the highest common factor of q and b.
9
Let m = 50 + -45. Suppose m*t = u - 5, -2*u - 6*t = -t + 20. Let h be (18/u)/((-9)/315). What is the greatest common factor of 14 and h?
14
Suppose 0 = 5*w - 5*g + 5 - 25, 2*g - 2 = 0. Let d be (0/1)/((4 + 0)/2). Suppose d = w*f - 71 - 69. What is the greatest common divisor of f and 140?
28
Let m = 17456 + -17321. What is the highest common divisor of 375 and m?
15
Let p(v) = 84*v**2 + 3*v - 9. Let q be p(1). Calculate the highest common divisor of 1924 and q.
26
Suppose -52*c = -110963 - 35313. What is the greatest common factor of 145 and c?
29
Suppose 814*f - 806*f = 24. Suppose 2*x + 22*o - 51 = 23*o, -5*o - f = -x. Suppose 35 = -2*i + 7*i. Calculate the highest common divisor of i and x.
7
Let s = 12 - 57. Suppose 4*j - 204 = 5*u - 0*j, 3*j = u + 43. Let l = u - s. Calculate the highest common divisor of 1 and l.
1
Suppose -5*u = 5*j - 6845, 7*j = 5*u + 6*j - 6809. Calculate the greatest common divisor of u and 754.
29
Let g(s) = 6*s**3 + 5*s**2 + 3. Let x be g(3). Let l = -144 + x. What is the greatest common factor of l and 88?
22
Suppose 60 = 4*b - 5*r, 4*r = -b - 15 + 30. Let c(n) = -44*n - 1. Let h be c(1). Let p = b - h. What is the greatest common factor of 10 and p?
10
Suppose -3 = -g + j, -2*g + 5*j + 4 = -5. Let r = 16 - 12. Suppose 0 = r*t + 3*a - 15 - g, -t + 8 = 2*a. Calculate the greatest common factor of 3 and t.
1
Suppose -358 = -4*j - 5*o + 789, j = 4*o + 292. Calculate the greatest common factor of j and 608.
32
Suppose -26*h + 26 = -24*h. Let v be (-1 + 53)*(25 + 3230/(-152)). Calculate the greatest common factor of v and h.
13
Let u be 4/(-6)*6*-14. Let v(n) = -n - 4. Let r be v(-9). Suppose 0 = -3*t + 4*t - s - 10, -42 = -4*t + r*s. What is the greatest common factor of t and u?
8
Let q = -4907 + 5333. Calculate the highest common factor of 12 and q.
6
Let z = -179 - -182. Suppose 2*u - 4*w + 52 = z*u, 2*w = u - 40. Suppose -5*a + 4 + 16 = 0. What is the highest common factor of u and a?
4
Suppose 567 - 292 = 5*f. Suppose -f - 8 = -7*s. Let o = 29 + -17. Calculate the highest common factor of o and s.
3
Let f = 11611 + -11551. What is the highest common factor of 492 and f?
12
Let s = -8037 - -8061. What is the highest common factor of 5064 and s?
24
Let b(m) = 5*m**3 + 56*m**2 + 8*m + 49. Let t be b(-11). Calculate the highest common factor of t and 4346.
82
Suppose -3*s + 35 = -5*f, -10 = -3*s - 4*f + 16. Let u = -6 + s. Suppose 0 = -35*d - 661 + 696. Calculate the greatest common divisor of d and u.
1
Let q = -593642 - -593648. Suppose 2*v = 5*w - 2*w + 882, 3*w = -2*v + 894. Calculate the greatest common divisor of v and q.
6
Suppose -o + 5*o = -r + 86, 0 = -5*o - 4*r + 113. Suppose 5*f - 247 = 3*k + 182, -3*f - 3*k + 243 = 0. Calculate the greatest common divisor of f and o.
21
Let k be 252/24 + 5*(-1)/2. What is the greatest common factor of 178 and k?
2
Let g(s) = 3*s**2 + 9*s - 60. Let t be g(4). Calculate the highest common divisor of 66 and t.
6
Let v(u) = -u**3 - 3*u**2 - u - 4. Let o = -149 - -145. Let y be v(o). What is the highest common divisor of y and 2?
2
Suppose 0 = 3*y + 1974 - 2208. Calculate the greatest common factor of 1326 and y.
78
Let z be 0/3*(-4 + 3)*1. Suppose 3*x + 4*m - 58 = z, -9*m + 5*m = -5*x + 150. What is the greatest common divisor of 13 and x?
13
Suppose -2*a - 4584 = 2*a. Let y = -805 - a. Let m = 8038 - 8007. Calculate the highest common divisor of y and m.
31
Let f be (-337)/3*(-60)/20. Let l = f + -217. What is the highest common divisor of 60 and l?
60
Let d be 13 + 35379/72 - (-3)/(-8). Suppose -3*h + d = 3*h. What is the highest common factor of 24 and h?
12
Suppose 3*d + 3*u = 711 - 681, 4*u + 41 = 5*d. Calculate the highest common factor of d and 25.
1
Suppose 2*m - 34 = -15*m. Let y = 85 + 28. Suppose y = 3*b - a, -m*b + a - 67 = -4*b. Calculate the greatest common divisor of b and 12.
12
Let y = 49 - 56. Let l(b) be the second derivative of b**3/6 + 19*b**2/2 + 9*b. Let p be l(y). Calculate the greatest common divisor of 12 and p.
12
Let q be 12/3 - 2/((-4)/2). Suppose 46 = k + 4*c, 28 + 114 = q*k - 2*c. Calculate the greatest common factor of 50 and k.
10
Suppose -23*l + 1032 + 3108 = 0. Suppose 4*s - 3 = 177. Calculate the highest common factor of s and l.
45
Let j(s) = -8347*s - 100124. Let m be j(-12). Let c be 4/14 - 951/21. Let h = 125 + c. Calculate the highest common divisor of h and m.
40
Let b be (10 + -11)*(-6 - 2 - 2). Let s = b + -11. Let u be ((-5)/1 + 7)*(s + 17). Calculate the greatest common factor of 48 and u.
16
Suppose -5*h - 9 = 2*x - 211, 4*x = 2*h - 76. Calculate the greatest common factor of h and 760.
40
Suppose 19*f = -3*f + 220. Suppose -30 = -f*t + 50. Let l(u) = -2*u. Let g be l(-2). Calculate the highest common divisor of t and g.
4
Suppose 0 = -16*x - 58*x + 2146. Calculate the greatest common divisor of x and 13543.
29
Let c(i) = -3*i**2 - 68*i + 34. Let j be c(-23). Suppose j*q - 126 = -27. What is the highest common divisor of q and 81?
9
Suppose -2*z - 2*f = -4*f - 2116, -3*f = -15*z + 15858. What is the greatest common factor of 1661 and z?
151
Let j = -285 - -939. Calculate the greatest common factor of 114 and j.
6
Let f be (-33025)/(-150) + ((-1)/6 - 0). Suppose 0 = -4*i + t + 1881, -i + 248 = 2*t - f. Let n = i - 246. What is the greatest common factor of 14 and n?
14
Let y = 2891 + -2887. What is the greatest common factor of y and 678?
2
Suppose 4*o = 2*p + 14770, 228 = 4*o - 4*p - 14544. Calculate the highest common factor of o and 572.
52
Let l be -49*(-10)/(-35)*(-12)/14. Suppose 23 = d - 349. What is the highest common factor of d and l?
12
Let c be 23*(-2 - -4)*(-2)/(-4). Let d be (-8)/(-2) - (17 - c). Let f = 102 - 52. What is the greatest common divisor of f and d?
10
Let w be (49/(-4))/((-2)/8). Let x(p) = 2*p**3 - 9*p**2 + 7*p - 14. Let t be x(6). Let r = t + -129. Calculate the greatest common divisor of w and r.
7
Suppose -63*v + 551472 + 178131 = 0. What is the greatest common factor of v and 111?
37
Let m be 16/12*(-7)/56*-1164. Calculate the highest common divisor of m and 97.
97
Suppose -5*c + 10 = 0, 63*u + 82 = 66*u - 4*c. Calculate the greatest common factor of u and 7470.
30
Let k be (-44)/4950*-25 - (-716)/18. Calculate the greatest common divisor of 1640 and k.
40
Let f = 939 - 185. Let a = -703 + f. Let n be -510*(2 - (-12)/(-5)). Calculate the greatest common divisor of a and n.
51
Let p(s) = s**2 + 60*s - 623. Let f be p(30). What is the highest common factor of f and 536?
67
Suppose -2*g = -6*g + 100. Suppose -4*x = j - 47 + 31, 2*j + 8 = 0. What is the hi